{"id":10084,"date":"2025-06-11T13:24:18","date_gmt":"2025-06-11T13:24:18","guid":{"rendered":"https:\/\/construtoracavalli.com.br\/imobiliaria\/?post_type=property&#038;p=10084"},"modified":"2025-06-11T13:25:49","modified_gmt":"2025-06-11T13:25:49","slug":"apartamento-a-venda-7","status":"publish","type":"property","link":"https:\/\/construtoracavalli.com.br\/imobiliaria\/property\/apartamento-a-venda-7\/","title":{"rendered":"APARTAMENTO \u00c0 VENDA"},"content":{"rendered":"<p>\ud83c\udfe2 Residencial Alvorecer \u2013 Venda de Apartamento<\/p>\n<p>Seu novo lar espera por voc\u00ea no Residencial Alvorecer!<br \/>\nUm apartamento pensado para oferecer conforto, praticidade e qualidade de vida.<\/p>\n<p>\u2728 Caracter\u00edsticas do im\u00f3vel:<\/p>\n<p>2 dormit\u00f3rios, sendo 1 su\u00edte<br \/>\nSacada com churrasqueira para bons momentos em fam\u00edlia<br \/>\nCozinha e \u00e1rea de servi\u00e7o integradas<br \/>\nSala de estar ampla e aconchegante<br \/>\nExcelente posi\u00e7\u00e3o solar, com muita luz natural<\/p>\n<p>Localizado em uma regi\u00e3o tranquila e com f\u00e1cil acesso, esse ap\u00ea \u00e9 ideal para quem busca bem-estar no dia a dia!<\/p>\n<p>\ud83d\udcde Agende sua visita: (49) 99915-0144<br \/>\n\ud83d\udccd Cavalli Imobili\u00e1ria<\/p>\n<p>Vem conferir de perto o que pode ser o seu novo lar!<\/p>\n","protected":false},"featured_media":10085,"comment_status":"open","ping_status":"closed","template":"","property_type":[15],"property_location":[],"property_status":[30],"property_label":[214,220],"property_amenity":[82,186,185,172,81,191,171],"property_material":[86],"class_list":["post-10084","property","type-property","status-publish","has-post-thumbnail","hentry","property_type-apartamento","property_status-a-venda","property_label-concluido","property_label-destaques-da-semana","property_amenity-churrasqueira","property_amenity-creche","property_amenity-escola","property_amenity-faculdade","property_amenity-hospital","property_amenity-lojas","property_amenity-supermercado","property_material-alvenaria"],"aioseo_notices":[],"_links":{"self":[{"href":"https:\/\/construtoracavalli.com.br\/imobiliaria\/wp-json\/wp\/v2\/property\/10084","targetHints":{"allow":["GET"]}}],"collection":[{"href":"https:\/\/construtoracavalli.com.br\/imobiliaria\/wp-json\/wp\/v2\/property"}],"about":[{"href":"https:\/\/construtoracavalli.com.br\/imobiliaria\/wp-json\/wp\/v2\/types\/property"}],"replies":[{"embeddable":true,"href":"https:\/\/construtoracavalli.com.br\/imobiliaria\/wp-json\/wp\/v2\/comments?post=10084"}],"wp:featuredmedia":[{"embeddable":true,"href":"https:\/\/construtoracavalli.com.br\/imobiliaria\/wp-json\/wp\/v2\/media\/10085"}],"wp:attachment":[{"href":"https:\/\/construtoracavalli.com.br\/imobiliaria\/wp-json\/wp\/v2\/media?parent=10084"}],"wp:term":[{"taxonomy":"property_type","embeddable":true,"href":"https:\/\/construtoracavalli.com.br\/imobiliaria\/wp-json\/wp\/v2\/property_type?post=10084"},{"taxonomy":"property_location","embeddable":true,"href":"https:\/\/construtoracavalli.com.br\/imobiliaria\/wp-json\/wp\/v2\/property_location?post=10084"},{"taxonomy":"property_status","embeddable":true,"href":"https:\/\/construtoracavalli.com.br\/imobiliaria\/wp-json\/wp\/v2\/property_status?post=10084"},{"taxonomy":"property_label","embeddable":true,"href":"https:\/\/construtoracavalli.com.br\/imobiliaria\/wp-json\/wp\/v2\/property_label?post=10084"},{"taxonomy":"property_amenity","embeddable":true,"href":"https:\/\/construtoracavalli.com.br\/imobiliaria\/wp-json\/wp\/v2\/property_amenity?post=10084"},{"taxonomy":"property_material","embeddable":true,"href":"https:\/\/construtoracavalli.com.br\/imobiliaria\/wp-json\/wp\/v2\/property_material?post=10084"}],"curies":[{"name":"wp","href":"https:\/\/api.w.org\/{rel}","templated":true}]}}

APARTAMENTO À VENDA

<p>🏢 Residencial Alvorecer – Venda de Apartamento</p>
<p>Seu novo lar espera por você no Residencial Alvorecer!<br />
Um apartamento pensado para oferecer conforto, praticidade e qualidade de vida.</p>
<p>✨ Características do imóvel:</p>
<p>2 dormitórios, sendo 1 suíte<br />
Sacada com churrasqueira para bons momentos em família<br />
Cozinha e área de serviço integradas<br />
Sala de estar ampla e aconchegante<br />
Excelente posição solar, com muita luz natural</p>
<p>Localizado em uma região tranquila e com fácil acesso, esse apê é ideal para quem busca bem-estar no dia a dia!</p>
<p>📞 Agende sua visita: (49) 99915-0144<br />
📍 Cavalli Imobiliária</p>
<p>Vem conferir de perto o que pode ser o seu novo lar!</p>
