{"id":7386,"date":"2024-03-06T20:28:32","date_gmt":"2024-03-06T20:28:32","guid":{"rendered":"https:\/\/construtoracavalli.com.br\/imobiliaria\/?post_type=property&#038;p=7386"},"modified":"2024-03-06T20:28:32","modified_gmt":"2024-03-06T20:28:32","slug":"apartamento-a-venda-c-277-m%c2%b2","status":"publish","type":"property","link":"https:\/\/construtoracavalli.com.br\/imobiliaria\/property\/apartamento-a-venda-c-277-m%c2%b2\/","title":{"rendered":"APARTAMENTO \u00c0 VENDA C\/ 277 m\u00b2"},"content":{"rendered":"<p>Apartamento diferenciado \u00e0 venda com espa\u00e7o, requinte e sofistica\u00e7\u00e3o na \u00e1rea central de Lages!!!<br \/>\nCom uma maravilhosa \u00e1rea gourmet e m\u00f3veis planejados difrenciados!!<br \/>\nVale a pena conferir!!<\/p>\n","protected":false},"featured_media":7387,"comment_status":"open","ping_status":"closed","template":"","property_type":[15],"property_location":[91],"property_status":[30],"property_label":[195],"property_amenity":[84,82,186,185,183,180],"property_material":[86],"class_list":["post-7386","property","type-property","status-publish","has-post-thumbnail","hentry","property_type-apartamento","property_location-centro","property_status-a-venda","property_label-imovel-exclusivo","property_amenity-ar-condicionado","property_amenity-churrasqueira","property_amenity-creche","property_amenity-escola","property_amenity-jardim","property_amenity-lareira","property_material-alvenaria"],"aioseo_notices":[],"_links":{"self":[{"href":"https:\/\/construtoracavalli.com.br\/imobiliaria\/wp-json\/wp\/v2\/property\/7386","targetHints":{"allow":["GET"]}}],"collection":[{"href":"https:\/\/construtoracavalli.com.br\/imobiliaria\/wp-json\/wp\/v2\/property"}],"about":[{"href":"https:\/\/construtoracavalli.com.br\/imobiliaria\/wp-json\/wp\/v2\/types\/property"}],"replies":[{"embeddable":true,"href":"https:\/\/construtoracavalli.com.br\/imobiliaria\/wp-json\/wp\/v2\/comments?post=7386"}],"wp:featuredmedia":[{"embeddable":true,"href":"https:\/\/construtoracavalli.com.br\/imobiliaria\/wp-json\/wp\/v2\/media\/7387"}],"wp:attachment":[{"href":"https:\/\/construtoracavalli.com.br\/imobiliaria\/wp-json\/wp\/v2\/media?parent=7386"}],"wp:term":[{"taxonomy":"property_type","embeddable":true,"href":"https:\/\/construtoracavalli.com.br\/imobiliaria\/wp-json\/wp\/v2\/property_type?post=7386"},{"taxonomy":"property_location","embeddable":true,"href":"https:\/\/construtoracavalli.com.br\/imobiliaria\/wp-json\/wp\/v2\/property_location?post=7386"},{"taxonomy":"property_status","embeddable":true,"href":"https:\/\/construtoracavalli.com.br\/imobiliaria\/wp-json\/wp\/v2\/property_status?post=7386"},{"taxonomy":"property_label","embeddable":true,"href":"https:\/\/construtoracavalli.com.br\/imobiliaria\/wp-json\/wp\/v2\/property_label?post=7386"},{"taxonomy":"property_amenity","embeddable":true,"href":"https:\/\/construtoracavalli.com.br\/imobiliaria\/wp-json\/wp\/v2\/property_amenity?post=7386"},{"taxonomy":"property_material","embeddable":true,"href":"https:\/\/construtoracavalli.com.br\/imobiliaria\/wp-json\/wp\/v2\/property_material?post=7386"}],"curies":[{"name":"wp","href":"https:\/\/api.w.org\/{rel}","templated":true}]}}

APARTAMENTO À VENDA C/ 277 m²

<p>Apartamento diferenciado à venda com espaço, requinte e sofisticação na área central de Lages!!!<br />
Com uma maravilhosa área gourmet e móveis planejados difrenciados!!<br />
Vale a pena conferir!!</p>
