{"id":9031,"date":"2024-09-25T20:18:45","date_gmt":"2024-09-25T20:18:45","guid":{"rendered":"https:\/\/construtoracavalli.com.br\/imobiliaria\/?post_type=property&#038;p=9031"},"modified":"2024-09-27T11:38:25","modified_gmt":"2024-09-27T11:38:25","slug":"sala-comercial-a-venda-em-construcao","status":"publish","type":"property","link":"https:\/\/construtoracavalli.com.br\/imobiliaria\/property\/sala-comercial-a-venda-em-construcao\/","title":{"rendered":"SALA COMERCIAL \u00c0 VENDA &#8211; EM CONSTRU\u00c7\u00c3O"},"content":{"rendered":"<p>Sala\/Consult\u00f3rio \u00e0 Venda \u2013 Ideal para M\u00e9dicos, Nutricionistas e Profissionais da Sa\u00fade<\/p>\n<p>Oportunidade imperd\u00edvel! Cl\u00ednica em fase de constru\u00e7\u00e3o com previs\u00e3o de entrega em 6 meses a 1 ano. Localizada no cora\u00e7\u00e3o do bairro Sagrado Cora\u00e7\u00e3o de Jesus, com duas salas dispon\u00edveis para venda.<\/p>\n<p>N\u00e3o perca tempo e inicie seu neg\u00f3cio o quanto antes!<\/p>\n<p>Corretores: Jo\u00e3o: (49) 9924-5557<br \/>\nJaison: (49) 9994-1195<\/p>\n<p>Agende sua visita e venha conhecer essa excelente oportunidade!<\/p>\n","protected":false},"featured_media":9032,"comment_status":"open","ping_status":"closed","template":"","property_type":[78],"property_location":[43],"property_status":[30],"property_label":[215],"property_amenity":[168,170,186,172,81,183,191],"property_material":[86],"class_list":["post-9031","property","type-property","status-publish","has-post-thumbnail","hentry","property_type-sala-comercial","property_location-lages","property_status-a-venda","property_label-em-construcao","property_amenity-campo-de-futebol","property_amenity-ciclovia","property_amenity-creche","property_amenity-faculdade","property_amenity-hospital","property_amenity-jardim","property_amenity-lojas","property_material-alvenaria"],"aioseo_notices":[],"_links":{"self":[{"href":"https:\/\/construtoracavalli.com.br\/imobiliaria\/wp-json\/wp\/v2\/property\/9031","targetHints":{"allow":["GET"]}}],"collection":[{"href":"https:\/\/construtoracavalli.com.br\/imobiliaria\/wp-json\/wp\/v2\/property"}],"about":[{"href":"https:\/\/construtoracavalli.com.br\/imobiliaria\/wp-json\/wp\/v2\/types\/property"}],"replies":[{"embeddable":true,"href":"https:\/\/construtoracavalli.com.br\/imobiliaria\/wp-json\/wp\/v2\/comments?post=9031"}],"wp:featuredmedia":[{"embeddable":true,"href":"https:\/\/construtoracavalli.com.br\/imobiliaria\/wp-json\/wp\/v2\/media\/9032"}],"wp:attachment":[{"href":"https:\/\/construtoracavalli.com.br\/imobiliaria\/wp-json\/wp\/v2\/media?parent=9031"}],"wp:term":[{"taxonomy":"property_type","embeddable":true,"href":"https:\/\/construtoracavalli.com.br\/imobiliaria\/wp-json\/wp\/v2\/property_type?post=9031"},{"taxonomy":"property_location","embeddable":true,"href":"https:\/\/construtoracavalli.com.br\/imobiliaria\/wp-json\/wp\/v2\/property_location?post=9031"},{"taxonomy":"property_status","embeddable":true,"href":"https:\/\/construtoracavalli.com.br\/imobiliaria\/wp-json\/wp\/v2\/property_status?post=9031"},{"taxonomy":"property_label","embeddable":true,"href":"https:\/\/construtoracavalli.com.br\/imobiliaria\/wp-json\/wp\/v2\/property_label?post=9031"},{"taxonomy":"property_amenity","embeddable":true,"href":"https:\/\/construtoracavalli.com.br\/imobiliaria\/wp-json\/wp\/v2\/property_amenity?post=9031"},{"taxonomy":"property_material","embeddable":true,"href":"https:\/\/construtoracavalli.com.br\/imobiliaria\/wp-json\/wp\/v2\/property_material?post=9031"}],"curies":[{"name":"wp","href":"https:\/\/api.w.org\/{rel}","templated":true}]}}

SALA COMERCIAL À VENDA &#8211; EM CONSTRUÇÃO

<p>Sala/Consultório à Venda – Ideal para Médicos, Nutricionistas e Profissionais da Saúde</p>
<p>Oportunidade imperdível! Clínica em fase de construção com previsão de entrega em 6 meses a 1 ano. Localizada no coração do bairro Sagrado Coração de Jesus, com duas salas disponíveis para venda.</p>
<p>Não perca tempo e inicie seu negócio o quanto antes!</p>
<p>Corretores: João: (49) 9924-5557<br />
Jaison: (49) 9994-1195</p>
<p>Agende sua visita e venha conhecer essa excelente oportunidade!</p>
